{"id":844,"date":"2025-09-15T13:15:00","date_gmt":"2025-09-15T11:15:00","guid":{"rendered":"https:\/\/trachtler.at\/?page_id=844"},"modified":"2025-09-15T13:13:18","modified_gmt":"2025-09-15T11:13:18","slug":"geschaeftsordnung-des-linzer-trachtenverbands","status":"publish","type":"page","link":"https:\/\/trachtler.at\/?page_id=844","title":{"rendered":"Gesch\u00e4ftsordnung des Linzer Trachtenverbands"},"content":{"rendered":"\n<p><strong>Letzte \u00c4nderung:<\/strong> 12.02.2005<\/p>\n\n\n\n<p>Die angeschlossenen Vereine und Gruppen sind \u00fcber den Verband Mitglied des Landesverbandes der Heimat- und Trachtenvereinigungen Ober\u00f6sterreich im O\u00d6 Forum Volkskultur. Die Linzer Stadtvereine gelten \u00fcber den Verband als Kulturverein in der Landeshauptstadt Linz.<\/p>\n\n\n\n<p>Jeder angeschlossene Verein bzw. Gruppe hat bei der Jahreshauptversammlung sowie bei eventuellen anderen Abstimmungen maximal 3 Stimmen. Entscheidend ist die tats\u00e4chliche Anwesenheit der Vereinsdelegierten (eine, zwei oder drei Personen).<\/p>\n\n\n\n<p>Obm\u00e4nnerbesprechungen bzw. Obm\u00e4nnertagungen k\u00f6nnen bei Einberufung aller Verbandsvereine und Gruppen einer Jahreshauptversammlung gleichkommen. Es k\u00f6nnen alle Beschl\u00fcsse gefasst werden, mit Ausnahme jener, die laut Verbandsstatuten ausdr\u00fccklich der Jahreshauptversammlung vorbehalten sind. Zu Obm\u00e4nnerbesprechungen und Obm\u00e4nnertagungen werden nur Obm\u00e4nner, Schriftf\u00fchrer, Kassiere oder deren Vertreter, sowie besondere Personen eingeladen.<\/p>\n\n\n\n<p>Im Laufe des Jahres wird nur ein Verbandsfest durchgef\u00fchrt. Die Vergabe erfolgt durch die Verbandsleitung. Der durchf\u00fchrende Verein ist zur engsten Zusammenarbeit mit dem Verband verpflichtet.<\/p>\n\n\n\n<p>Alle dem Verband angeschlossenen Vereine werden zur intensiven Zusammenarbeit aufgefordert.<\/p>\n\n\n\n<p>Einladungen zu Vereinsjahreshauptversammlungen bzw. Vereinsgeneralversammlungen m\u00fcssen rechtzeitig und schriftlich an den Verbandsobmann gerichtet werden, welcher dann den entsprechenden Vertreter entsendet.<\/p>\n\n\n\n<p>Die Mitgliedsbeitr\u00e4ge laut \u00a7 8 der Verbandsstatuten sind bis auf Widerruf ausgesetzt.<\/p>\n\n\n\n<p>Die Gesch\u00e4ftsordnung vom 30.01.1993 tritt hiermit au\u00dfer Kraft.<\/p>\n\n\n\n<p><strong>Original gezeichnet:<\/strong> Obm. G\u00fcnther Kreutler, SF Monika Kreutler, Kassier Josef Daller am 12. Februar 2005<\/p>\n","protected":false},"excerpt":{"rendered":"<p>Letzte \u00c4nderung: 12.02.2005 Die angeschlossenen Vereine und Gruppen sind \u00fcber den Verband Mitglied des Landesverbandes der Heimat- und Trachtenvereinigungen Ober\u00f6sterreich im O\u00d6 Forum Volkskultur. Die Linzer Stadtvereine gelten \u00fcber den Verband als Kulturverein in der Landeshauptstadt Linz. Jeder angeschlossene Verein bzw. Gruppe hat bei der Jahreshauptversammlung sowie bei eventuellen anderen Abstimmungen maximal 3 Stimmen. Entscheidend ist die tats\u00e4chliche Anwesenheit der Vereinsdelegierten (eine, zwei oder drei Personen). Obm\u00e4nnerbesprechungen bzw. Obm\u00e4nnertagungen k\u00f6nnen bei Einberufung aller Verbandsvereine und Gruppen einer Jahreshauptversammlung gleichkommen. Es k\u00f6nnen alle Beschl\u00fcsse gefasst werden, mit Ausnahme jener, die laut Verbandsstatuten ausdr\u00fccklich der Jahreshauptversammlung vorbehalten sind. Zu Obm\u00e4nnerbesprechungen und Obm\u00e4nnertagungen werden nur Obm\u00e4nner, Schriftf\u00fchrer, Kassiere oder deren Vertreter, sowie besondere Personen eingeladen. Im Laufe des Jahres wird nur ein Verbandsfest durchgef\u00fchrt. Die Vergabe erfolgt durch die Verbandsleitung. Der durchf\u00fchrende Verein ist zur engsten Zusammenarbeit mit dem Verband verpflichtet. Alle dem Verband angeschlossenen Vereine werden zur intensiven Zusammenarbeit aufgefordert. Einladungen zu Vereinsjahreshauptversammlungen bzw. Vereinsgeneralversammlungen m\u00fcssen rechtzeitig und schriftlich an den Verbandsobmann gerichtet werden, welcher dann den entsprechenden Vertreter entsendet. Die Mitgliedsbeitr\u00e4ge laut \u00a7 8 der Verbandsstatuten sind bis auf Widerruf ausgesetzt. Die Gesch\u00e4ftsordnung vom 30.01.1993 tritt hiermit au\u00dfer Kraft. Original gezeichnet: Obm. G\u00fcnther Kreutler, SF Monika Kreutler, Kassier Josef Daller am 12. Februar 2005<\/p>\n","protected":false},"author":1,"featured_media":0,"parent":858,"menu_order":0,"comment_status":"closed","ping_status":"closed","template":"","meta":{"footnotes":""},"class_list":["post-844","page","type-page","status-publish","hentry"],"_links":{"self":[{"href":"https:\/\/trachtler.at\/index.php?rest_route=\/wp\/v2\/pages\/844","targetHints":{"allow":["GET"]}}],"collection":[{"href":"https:\/\/trachtler.at\/index.php?rest_route=\/wp\/v2\/pages"}],"about":[{"href":"https:\/\/trachtler.at\/index.php?rest_route=\/wp\/v2\/types\/page"}],"author":[{"embeddable":true,"href":"https:\/\/trachtler.at\/index.php?rest_route=\/wp\/v2\/users\/1"}],"replies":[{"embeddable":true,"href":"https:\/\/trachtler.at\/index.php?rest_route=%2Fwp%2Fv2%2Fcomments&post=844"}],"version-history":[{"count":1,"href":"https:\/\/trachtler.at\/index.php?rest_route=\/wp\/v2\/pages\/844\/revisions"}],"predecessor-version":[{"id":845,"href":"https:\/\/trachtler.at\/index.php?rest_route=\/wp\/v2\/pages\/844\/revisions\/845"}],"up":[{"embeddable":true,"href":"https:\/\/trachtler.at\/index.php?rest_route=\/wp\/v2\/pages\/858"}],"wp:attachment":[{"href":"https:\/\/trachtler.at\/index.php?rest_route=%2Fwp%2Fv2%2Fmedia&parent=844"}],"curies":[{"name":"wp","href":"https:\/\/api.w.org\/{rel}","templated":true}]}}